 27*z - 110. Calculate i(15).
70
Let c(w) = -w**3 + 9*w**2 - 30*w + 67. What is c(3)?
31
Let p(l) = 13*l**3 + 26*l**2 - 67*l - 130. What is p(-2)?
4
Let d(p) = -2*p**2 - 10*p + 108. Give d(0).
108
Let p(c) = -3*c**2 - 23*c + 51. Give p(-10).
-19
Let b(d) = 2*d**2 - 5917*d + 11828. Give b(2).
2
Let d(u) = 7*u**2 + 107*u + 408. Give d(-8).
0
Let q(r) = r**2 + 1842*r + 41853. Give q(-23).
16
Let a(i) = -i**3 + 22*i + 97. Calculate a(0).
97
Let h(n) = 31*n - 220. Determine h(10).
90
Let x(a) = -a**3 + 13*a**2 - 50*a + 29. Calculate x(3).
-31
Let w(q) = q**3 - 33*q**2 + 99*q + 50. Give w(4).
-18
Let r(g) = g**3 + 17*g**2 + 16*g - 63. Give r(-16).
-63
Let f(r) = -r**2 + 56*r - 811. Calculate f(24).
-43
Let z(g) = -225*g**3 - 2*g**2 + 5*g - 2. Give z(1).
-224
Let s(n) = -34*n + 3953. Give s(116).
9
Let u(k) = -199*k**2 - 9*k + 11. Determine u(1).
-197
Let k(m) = 3*m**2 + 43*m - 120. Determine k(-17).
16
Let d(k) = -k + 64. Give d(48).
16
Let x(q) = 114*q + 1482. Give x(-13).
0
Let a(y) = -y**3 + 3*y**2 - 169*y + 1382. Calculate a(7).
3
Let y(g) = -g**3 - 18*g**2 - 24*g - 53. Determine y(-17).
66
Let i(h) = -197*h - 1298. What is i(-6)?
-116
Let o(y) = -y**3 + 36*y**2 - 331*y + 133. Determine o(19).
-19
Let v(x) = -597*x - 2. Determine v(0).
-2
Let v(y) = 17*y + 174. Determine v(-5).
89
Let u(l) = -15*l - 12. What is u(6)?
-102
Let o(d) = 5835*d + 58338. Calculate o(-10).
-12
Let t(x) = -2*x**3 - 25*x**2 + 168*x + 3. Give t(5).
-32
Let f(o) = -31*o**2 + 56*o + 112. What is f(3)?
1
Let a(g) = g**2 + 70*g + 407. Calculate a(-63).
-34
Let a(g) = g**2 + 145*g - 10739. What is a(-199)?
7
Let n(i) = 4*i**3 + 19*i**2 + 3*i - 14. Give n(-5).
-54
Let u(p) = -3*p**3 - 3*p**2 + 52*p + 36. Give u(-5).
76
Let i(b) = -b**2 + 92*b - 2369. What is i(38)?
-317
Let r(f) = -2*f**2 + 29*f + 11. Calculate r(22).
-319
Let q(f) = f**3 + f**2 - 9*f - 11. Determine q(-2).
3
Let a(p) = 6*p**3 + 957*p**2 - 479*p + 195. Determine a(-160).
35
Let o(k) = 2*k**3 + 29*k**2 - 26*k + 2. Calculate o(-15).
167
Let y(v) = 8197*v - 172144. Determine y(21).
-7
Let j(u) = -14*u**3 + 7*u**2 - 1. What is j(2)?
-85
Let o(x) = 23*x**2 + 255*x - 23. Give o(-11).
-45
Let y(i) = -2*i**2 - 131*i + 642. Calculate y(5).
-63
Let u(v) = -v**3 + 29*v**2 + 292*v - 28. Determine u(37).
-176
Let s(p) = 3*p**2 + 197*p - 246. Calculate s(-67).
22
Let z(p) = 2*p**3 - 46*p**2 - 30*p - 44. Calculate z(24).
388
Let q(f) = -2*f**3 - 380*f**2 - 374*f + 757. Give q(-189).
1
Let b(w) = w**3 - 38*w**2 + 135*w - 6778. Calculate b(39).
8
Let v(b) = 4*b**3 + 16*b**2 - 16*b - 37. What is v(-4)?
27
Let u(x) = 233*x + 3213. Calculate u(-14).
-49
Let o(d) = d**3 + 19*d**2 + 17*d - 25. Determine o(-18).
-7
Let f(n) = 19*n - 80. Give f(37).
623
Let n(k) = -15*k - 143. Determine n(1).
-158
Let s(w) = -w**2 + 3*w + 2. Give s(6).
-16
Let g(j) = 53*j - 1019. Determine g(19).
-12
Let j(o) = -2*o**2 - 126*o - 774. Give j(-9).
198
Let a(i) = -510*i + 1364. What is a(4)?
-676
Let k(q) = q**3 + 17*q**2 + 14*q + 14. Calculate k(-9).
536
Let r(b) = 5*b**2 - 17*b - 3. What is r(6)?
75
Let s(j) = -25*j + 227. Determine s(9).
2
Let f(p) = 24*p**2 + 161*p - 3. Give f(-6).
-105
Let v(l) = 18*l**3 + 4337*l**2 - 249*l - 1927. What is v(-241)?
1
Let p(y) = 444*y**3 + y**2 - y. What is p(1)?
444
Let f(x) = 16*x + 7. Determine f(-5).
-73
Let a(d) = d**2 - 75*d - 1107. Calculate a(92).
457
Let q(o) = -45*o - 48. What is q(-1)?
-3
Let b(c) = 76*c + 154. Calculate b(-3).
-74
Let k(g) = 147*g + 38. Determine k(-1).
-109
Let n(u) = -u**3 - 33*u**2 + 281*u + 33. What is n(-40)?
-7
Let c(l) = -2*l**2 - 3*l - 16. Determine c(0).
-16
Let v(a) = 24*a + 342. Determine v(-15).
-18
Let c(s) = s**3 - 2*s**2 - 21*s - 26. Give c(6).
-8
Let h(g) = 20*g**3 + 1278*g**2 - 126*g + 134. What is h(-64)?
6
Let p(l) = -218*l - 8076. Calculate p(-37).
-10
Let z(q) = -14*q + 89. Give z(11).
-65
Let d(r) = r**2 + 810*r + 3220. Determine d(-4).
-4
Let b(l) = l**3 - 17*l**2 - 64*l + 44. Calculate b(20).
-36
Let i(v) = v**3 - 60*v**2 - 151*v + 5477. Give i(61).
-13
Let s(a) = 2*a**2 - 121*a - 61. Give s(61).
0
Let m(x) = -1423*x - 8543. Calculate m(-6).
-5
Let n(p) = 15*p**3 - 6*p**2 - 3*p + 9. Give n(2).
99
Let m(o) = -28*o + 868. Determine m(31).
0
Let h(f) = -f**2 - 1024*f - 6105. Calculate h(-6).
3
Let z(q) = -8*q**2 + 139*q - 64. Give z(18).
-154
Let s(b) = -405*b + 1160. Determine s(3).
-55
Let i(l) = 13*l**2 + 58*l - 22. Determine i(-5).
13
Let v(i) = 39*i**2 + 1365*i + 25. Determine v(-35).
25
Let n(g) = -2*g**3 + 15*g**2 + 38*g - 114. Determine n(7).
201
Let h(c) = -c**3 + 27*c**2 + 66*c + 5. Determine h(-4).
237
Let u(r) = -r**3 - 34*r**2 + 187*r - 303. Determine u(-39).
9
Let m(s) = 145*s + 1016. What is m(-7)?
1
Let l(f) = f**2 + 32*f + 42. Give l(-28).
-70
Let a(n) = -n**2 + 15*n - 6. What is a(13)?
20
Let l(v) = v**3 - 15*v**2 + 59*v - 10. Calculate l(8).
14
Let u(m) = m**3 - 8*m**2 - 20*m + 98. What is u(8)?
-62
Let a(m) = 468*m + 6081. Calculate a(-13).
-3
Let w(a) = -18*a + 110. Determine w(6).
2
Let r(m) = m**3 - 58*m**2 + 262*m + 148. Calculate r(53).
-11
Let i(h) = -86*h + 1535. What is i(18)?
-13
Let t(i) = 35*i**3 - i**2 + 21*i + 44. Determine t(-2).
-282
Let p(y) = -8*y + 266. Calculate p(36).
-22
Let h(l) = -l**3 + 17*l**2 - 17*l + 9. What is h(16)?
-7
Let u(k) = k**3 + 10*k**2 + 7*k - 58. Determine u(-9).
-40
Let n(r) = -r**3 + 12*r**2 + 4*r + 9. Determine n(13).
-108
Let z(b) = -95*b - 1056. Determine z(-11).
-11
Let j(u) = 6*u + 158. Calculate j(16).
254
Let g(f) = 3*f**2 + 369*f - 769. Calculate g(-125).
-19
Let d(c) = 15*c + 699. Determine d(-47).
-6
Let r(d) = -13*d**2 - 190*d + 386. What is r(2)?
-46
Let r(v) = 208*v + 1463. Calculate r(-7).
7
Let w(o) = o**3 + 119*o**2 + 268*o + 3962. Determine w(-117).
-16
Let z(k) = 11*k + 87. Calculate z(7).
164
Let g(a) = -407*a - 5716. Determine g(-14).
-18
Let a(p) = 47*p - 275. Determine a(4).
-87
Let c(t) = -5*t**2 - 227*t - 2304. What is c(-14)?
-106
Let p(y) = -10*y**2 + 86*y - 4. Determine p(7).
108
Let l(p) = p**2 - 16*p + 36. Determine l(13).
-3
Let n(z) = 2*z**3 + 123*z**2 + 87*z + 1611. Calculate n(-61).
25
Let n(q) = q**2 + 46*q - 268. What is n(-51)?
-13
Let a(m) = 4090*m - 20419. Calculate a(5).
31
Let z(d) = -2*d**3 - 3*d**2 + 12*d + 3. What is z(-4)?
35
Let o(p) = 2*p**3 + 145*p**2 - 151*p + 5. What is o(1)?
1
Let o(k) = -5*k**2 - 35*k + 104. Give o(3).
-46
Let s(y) = -y**3 - 14*y**2 + 35*y + 72. Give s(-16).
24
Let l(b) = -47*b**2 + 294*b - 38. Give l(6).
34
Let u(l) = -l**3 + l**2 - 27*l + 69. What is u(4)?
-87
Let s(v) = 1747*v - 19220. Give s(11).
-3
Let t(z) = -z**2 + 6587*z - 39470. Calculate t(6).
16
Let r(d) = 111*d - 4447. Give r(40).
-7
Let f(y) = -y**2 + 15*y + 28. What is f(-2)?
-6
Let i(n) = -6837*n - 170928. What is i(-25)?
-3
Let r(h) = -h - 235. Give r(-14).
-221
Let h(j) = -j**3 + 38*j**2 - 76*j + 60. What is h(36)?
-84
Let m(u) = -u**3 - 10*u**2 - 16*u - 37. Determine m(-8).
-37
Let x(h) = -5*h - 20. Determine x(11).
-75
Let b(l) = -24*l**2 - 2376*l - 6. What is b(-99)?
-6
Let i(t) = 132*t + 5282. What is i(-40)?
2
Let h(j) = 10*j**3 + 27*j**2 - 7*j + 13. Determine h(-3).
7
Let y(f) = -4*f**2 + 44*f + 43. What is y(-1)?
-5
Let l(v) = 380*v + 3635. What is l(-10)?
-165
Let r(n) = -n**3 + 84*n**2 + 3859*n - 64. Calculate r(-33).
2
Let r(a) = -a**2 + 92*a - 1574. What is r(24)?
58
Let x(a) = 35*a**2 + 1190*a - 92. Determine x(-34).
-92
Let o(q) = -q**3 - 68*q**2 + 207*q - 433. What is o(-71)?
-7
Let u(r) = -r**3 + 12*r**2 - 46*r - 33. Calculate u(12).
-585
Let z(n) = -3*n**2 - 148*n - 97. What is z(-49)?
-48
Let h(u) = 238*u - 560. Give h(3).
154
Let i(t) = -t**3 - 3*t**2 + 28*t + 58. Give i(-6).
-2
Let w(y) = -y**3 + 7*y**2 + 23*y - 65. Determine w(10).
-135
Let x(w) = 17*w + 10. Calculate x(-2).
-24
Let m(s) = s**2 - 197*s + 1129. Calculate m(191).
-17
Let b(k) = -k**2 + 20*k - 90. Calculate b(11).
9
Let c(z) = 15*z + 319. Determine c(-21).
4
Let b(c) = -2*c**2 + 23*c - 18. Give b(10).
12
Let x(p) = p**3 - 6*p**2 + 30*p - 196. Calculate x(7).
63
Let f(h) = -46*h + 208. What is f(5)?
-22
Let z(t) = -t**3 - 46*t**2 - 126*t + 342. Calculate z(-43).
213
Let h(v) = 2*v**3 - 364*v**2 + 361*v + 277. What is h(181)?
96
Let r(w) = w**3 - 15*w**2 + 10*w + 23. Determine r(6).
-241
